536*b + 11577686. Give u(5).
6
Let k(n) = 4*n**2 + 596*n - 5450. What is k(9)?
238
Let g(d) = d**2 + 100*d + 1086. Calculate g(-89).
107
Let y(h) = -h**3 + 412*h**2 - 411*h - 129. Give y(411).
-129
Let n(b) = -3221*b + 41848. Give n(13).
-25
Let u(r) = r**3 + 13*r**2 - 101*r - 589. Give u(-20).
-1369
Let g(o) = -o**3 - 314*o**2 + 1315*o + 12778. Calculate g(-318).
-896
Let c(b) = 993965*b + 8945689. Determine c(-9).
4
Let q(r) = 75947*r - 607542. Calculate q(8).
34
Let s(g) = -2*g**3 + 218*g**2 + 225*g - 224. Determine s(110).
326
Let y(s) = -21*s - 41. Give y(4).
-125
Let y(m) = 19*m**2 - 275*m + 417. Calculate y(18).
1623
Let f(a) = 12*a**2 + 18016*a - 72045. Determine f(4).
211
Let b(s) = 8*s**2 + 3*s - 186. Give b(-15).
1569
Let z(i) = -i**3 + 12*i**2 + 8*i + 24. What is z(13)?
-41
Let s(v) = v**3 + 155*v**2 - 1083*v + 8778. What is s(-162)?
516
Let d(o) = 2*o**3 + 33*o**2 - 10*o - 43. Give d(-18).
-835
Let t(q) = -2*q**2 + 274*q - 324. What is t(135)?
216
Let u(c) = 8*c**2 - 405*c - 422. What is u(-1)?
-9
Let s(k) = k**2 + 311*k + 6105. What is s(-21)?
15
Let w(s) = s**3 - 206*s**2 - 207*s + 125466. What is w(204)?
6
Let q(d) = -2*d**3 - d**2 + 190*d + 347. Calculate q(10).
147
Let m(j) = -6429*j + 70695. Give m(11).
-24
Let n(a) = 404*a + 87197. Give n(-216).
-67
Let t(d) = 1303*d + 182409. Calculate t(-140).
-11
Let s(u) = 2*u**3 + 188*u**2 + 360*u + 504. Determine s(-92).
1240
Let c(y) = y**3 + 2*y**2 - 601*y - 83. What is c(-27)?
-2081
Let c(t) = -943*t**2 + 326279*t - 339. What is c(346)?
7
Let p(r) = 56*r**2 - 229*r + 51. Determine p(8).
1803
Let f(j) = -3108*j - 36125. Determine f(-11).
-1937
Let l(i) = -57*i**2 + 47*i - 113. Give l(2).
-247
Let i(u) = 57*u + 866. Calculate i(-17).
-103
Let c(f) = -7*f**3 - 2*f**2 - 13918*f - 13914. Determine c(-1).
9
Let o(v) = -52*v - 280. Determine o(8).
-696
Let y(k) = -91*k**3 - 456*k**2 - 1025*k - 5099. Calculate y(-5).
1
Let o(h) = -9*h**3 + 991*h**2 - 107*h - 239. Give o(110).
91
Let x(p) = 1117*p - 23611. What is x(20)?
-1271
Let a(x) = -6*x**3 + 65*x**2 - 604*x + 3724. What is a(8)?
-20
Let a(m) = m**3 - 17*m**2 - 1888*m + 3823. Calculate a(2).
-13
Let p(i) = i**3 - 5*i**2 - 1321*i + 75. Determine p(-34).
-95
Let k(r) = 71*r + 3384. Give k(-64).
-1160
Let i(c) = -145*c + 4967. Give i(33).
182
Let k(n) = 9*n**3 - 35*n**2 + 213*n - 861. Calculate k(4).
7
Let l(h) = h**3 - 60*h**2 - 29030*h - 183. Calculate l(-143).
-40
Let d(t) = -55059*t + 55049. Calculate d(1).
-10
Let z(p) = -p**3 + 35*p**2 + 8236*p - 392. Calculate z(-75).
658
Let x(r) = -2*r**3 - 109*r**2 + 164*r - 122. What is x(-56)?
102
Let h(l) = 13840*l + 96878. Calculate h(-7).
-2
Let l(x) = 2777*x + 14527. Determine l(-5).
642
Let c(v) = v**3 - 6*v**2 + 295*v - 833. Give c(3).
25
Let u(v) = v**3 - 14*v**2 + 56*v - 309. Calculate u(8).
-245
Let w(r) = 76356*r + 687202. What is w(-9)?
-2
Let d(f) = 4*f**2 - 171*f - 2672. What is d(52)?
-748
Let y(h) = h**2 - 178*h + 7639. Determine y(106).
7
Let v(o) = -o**2 + 44*o - 58. Give v(12).
326
Let g(q) = 347*q + 73210. Calculate g(-211).
-7
Let n(a) = -322*a + 1822. Calculate n(7).
-432
Let y(q) = q**3 + 56*q**2 + 126*q - 228. Calculate y(-54).
-1200
Let a(v) = -39*v**3 - 17*v**2 - 57*v + 77. Give a(1).
-36
Let m(d) = -d**3 - 6*d**2 + 38*d - 7. Determine m(-11).
180
Let i(u) = 36*u**2 + 12071*u - 176057. What is i(14)?
-7
Let u(y) = y**2 - 7*y - 111. Calculate u(-14).
183
Let r(j) = -j**2 + 211*j - 10955. Give r(112).
133
Let x(z) = 2*z**3 - 131*z**2 + 412*z + 1367. Calculate x(62).
3
Let t(p) = 16*p**2 - 475*p + 241. What is t(25)?
-1634
Let n(y) = -15*y**3 + 11265*y**2 + 33922*y + 6032. What is n(754)?
0
Let h(p) = -p**3 - 37*p**2 + 421*p - 37. Calculate h(9).
26
Let b(m) = -2*m**2 + 4938*m - 83355. Calculate b(17).
13
Let w(j) = j**3 - 2*j**2 - 476*j + 5442. What is w(-26)?
-1110
Let w(c) = 4*c**2 - 603*c + 9100. Determine w(17).
5
Let x(v) = 1630*v - 23684. Calculate x(15).
766
Let q(d) = d**3 - 48*d**2 - 687*d - 414. Calculate q(-11).
4
Let t(n) = -35*n**2 - 1283*n - 2158. Determine t(-35).
-128
Let m(i) = -4*i**2 - 66*i - 79. What is m(-15)?
11
Let f(q) = 2*q**2 - 1221*q + 33677. Give f(29).
-50
Let z(y) = y**3 + 163*y**2 + 864*y - 58301. What is z(-155)?
-21
Let o(t) = -2*t**3 + 14*t**2 - 186*t + 491. Calculate o(3).
5
Let x(j) = 1026*j**2 + 2044*j + 14. Calculate x(-2).
30
Let y(l) = -1411*l - 12991. Calculate y(-9).
-292
Let t(w) = -w**3 - 557*w**2 + 3525*w + 83038. Determine t(-563).
277
Let f(a) = 4*a**3 + 422*a**2 + 542*a + 79915. What is f(-106)?
-9
Let n(k) = -k**3 - 74*k**2 - 245*k + 6973. Calculate n(-69).
73
Let i(k) = 5*k**3 - 52*k**2 - 39*k + 915. Determine i(9).
-3
Let a(r) = 39061*r + 234404. What is a(-6)?
38
Let s(r) = -6*r**2 + 3395*r - 444585. Calculate s(360).
15
Let g(m) = m**3 - 7*m**2 - 243*m + 2082. Determine g(8).
202
Let n(a) = -2*a**2 - 12205*a - 85243. Determine n(-7).
94
Let d(h) = 3035*h - 75927. Calculate d(25).
-52
Let m(c) = 11711*c**2 - 35221*c + 273. Determine m(3).
9
Let x(a) = -279*a - 45390. Give x(-163).
87
Let i(q) = -42*q**2 + 329*q + 92. What is i(8)?
36
Let c(s) = -4*s**2 - 13602*s - 324138. Calculate c(-24).
6
Let z(m) = 579*m + 57. Determine z(-2).
-1101
Let v(n) = n**2 - 2664*n + 1497544. Give v(806).
-4
Let z(s) = 5*s**3 + 4118*s**2 - 1559*s + 73334. Determine z(-824).
-2
Let p(t) = -58401*t - 1868829. Give p(-32).
3
Let k(y) = -61613*y - 7. Calculate k(0).
-7
Let q(i) = 10*i**3 - 56*i**2 + 2352*i - 11637. Calculate q(5).
-27
Let r(u) = u**3 + 17*u**2 - 129*u - 82. Determine r(10).
1328
Let o(b) = -526*b - 183062. Determine o(-348).
-14
Let j(l) = 5*l**2 + 3506*l + 6951. Calculate j(-2).
-41
Let f(x) = -x**2 + 5*x + 807. Give f(-34).
-519
Let y(x) = -2*x**2 + 36*x - 485. What is y(-9)?
-971
Let c(f) = -f**3 - 35*f**2 + 20*f + 1796. Determine c(-34).
-40
Let o(n) = 3480*n - 121840. Calculate o(35).
-40
Let r(o) = -77*o**2 + 227*o + 26110. What is r(-17)?
-2
Let r(p) = -2883*p + 41319. What is r(14)?
957
Let p(o) = -o**2 + 5741*o - 125817. Give p(22).
1
Let i(y) = y**2 + 28161*y - 225351. Determine i(8).
1
Let m(i) = -i**3 - 30*i**2 + 98*i + 38. What is m(-33)?
71
Let v(r) = -290*r - 1927. Calculate v(1).
-2217
Let i(z) = -31033*z - 31003. What is i(-1)?
30
Let j(w) = -w**3 - 8*w**2 - 1564*w - 9359. Calculate j(-6).
-47
Let f(c) = 5*c**3 + 36*c**2 + 2429*c + 19670. Give f(-8).
-18
Let k(r) = -39136*r - 3717925. Determine k(-95).
-5
Let i(s) = s**2 + 777*s - 25917. Calculate i(32).
-29
Let r(y) = -2*y**2 + 155642*y + 16364460. What is r(-105)?
0
Let o(a) = -46981*a - 328870. Determine o(-7).
-3
Let b(d) = -3*d**2 + 163*d + 14724. Give b(-48).
-12
Let o(w) = 98*w - 6095. Give o(63).
79
Let z(p) = p**3 + 10*p**2 + 42*p + 65. Determine z(-3).
2
Let z(w) = w**3 - 27*w**2 - 13271*w - 15502. Determine z(130).
-32
Let n(u) = 178*u - 2807. Determine n(8).
-1383
Let t(s) = -64566*s - 64579. Determine t(-1).
-13
Let z(c) = 4*c**3 + 1485*c**2 - 7547*c + 113. Give z(5).
3
Let l(d) = 40730*d + 11078589. Calculate l(-272).
29
Let j(h) = -h**3 - 375*h**2 + 806*h + 19693. Give j(-377).
89
Let i(b) = 4761*b - 104691. What is i(22)?
51
Let y(z) = -133*z + 46250. Give y(354).
-832
Let l(a) = a**3 - 26*a**2 - 317*a + 436. What is l(34)?
-1094
Let c(w) = 66225*w - 331072. Determine c(5).
53
Let w(u) = 2*u**3 + 229*u**2 - 64*u + 4405. Give w(-115).
-1460
Let z(r) = 2*r**3 - 278*r**2 - 536*r - 3942. What is z(141)?
6
Let w(x) = 1211*x**2 - 12050*x - 22. Determine w(10).
578
Let g(k) = -k**2 + 298*k - 6620. What is g(24)?
-44
Let a(r) = 42*r + 5363. Determine a(-63).
2717
Let x(s) = 84*s**2 - 10748*s - 549. Determine x(128).
-37
Let w(v) = -v**2 - 204*v - 9627. Calculate w(-128).
101
Let n(o) = o**3 + 15*o**2 - 17*o + 642. Calculate n(-18).
-24
Let j(w) = -17*w + 6. Determine j(6).
-96
Let y(k) = -351*k - 129526. Give y(-369).
-7
Let c(s) = -592*s**2 + 618*s - 113. Determine c(1).
-87
Let r(p) = -p**3 + 37*p**2 + 56*p - 263. What is r(38)?
421
Let m(v) = -v**3 - 70*v**2 - 1130*v - 153. Give m(-25).
-28
Let f(j) = 13917*j + 81101. Give f(-6).
-2401
Let x(r) = 5605*r - 330733. Determine x(59).
-38
Let k(v) = -2*v**3 - 275*v**2 - 459*v - 6882. What is k(-136)?
54
Let j(m) = 2*m**3 - 156*m**2 - 899*m + 5452. Give j(83).
-275
Let p(y) = 366*y**2 + 112467*y + 322